{"id":21324,"date":"2024-05-16T09:54:47","date_gmt":"2024-05-16T07:54:47","guid":{"rendered":"https:\/\/latelierderegine.com\/?page_id=21324"},"modified":"2025-04-17T13:00:30","modified_gmt":"2025-04-17T11:00:30","slug":"evenementiel","status":"publish","type":"page","link":"https:\/\/latelierderegine.com\/index.php\/evenementiel\/","title":{"rendered":"Brunchs &amp; Ev\u00e8nements"},"content":{"rendered":"\n<div class=\"wp-block-uagb-advanced-heading uagb-block-2c7c8cd4\"><h1 class=\"uagb-heading-text\">Brunchs &amp; \u00e9v\u00e8nements<\/h1><\/div>\n\n\n\n<p>Issue d&rsquo;une \u00e9cole h\u00f4teli\u00e8re de renom, j\u2019ai travaill\u00e9 pendant plus de 10 ans dans de grands complexes h\u00f4teliers o\u00f9 je me suis aguerrie \u00e0 l&rsquo;organisation de toutes sortes d&rsquo;\u00e9v\u00e8nements. L&rsquo;ancien corps de ferme que j&rsquo;occupe permet d&rsquo;abriter diff\u00e9rents projets festifs. <\/p>\n\n\n\n<div class=\"wp-block-group alignfull has-global-padding is-layout-constrained wp-container-core-group-is-layout-d89aad35 wp-block-group-is-layout-constrained\" style=\"margin-top:0;margin-bottom:0;padding-top:var(--wp--preset--spacing--50);padding-right:var(--wp--preset--spacing--50);padding-bottom:var(--wp--preset--spacing--50);padding-left:var(--wp--preset--spacing--50)\">\n<div class=\"wp-block-group alignwide has-global-padding is-layout-constrained wp-container-core-group-is-layout-19e250f3 wp-block-group-is-layout-constrained\">\n<div class=\"wp-block-columns alignwide is-layout-flex wp-container-core-columns-is-layout-d1c656ed wp-block-columns-is-layout-flex\">\n<div class=\"wp-block-column is-vertically-aligned-center is-layout-flow wp-block-column-is-layout-flow\" style=\"flex-basis:40%\">\n<h3 class=\"wp-block-heading Les-brunchs has-text-color has-link-color has-system-sans-serif-font-family has-x-large-font-size wp-elements-661ad4ed72b3426481adfd88056cd2d1\" style=\"color:#bd7527\">Les brunchs<\/h3>\n\n\n\n<p>Avec ma petite s\u0153ur, passionn\u00e9e et autodidacte, nous vous proposons entre le printemps et l\u2019automne, des brunchs aux couleurs estivales et aux saveurs d\u00e9licieuses. Tout est fait maison, avec amour et envie de faire plaisir.<\/p>\n\n\n\n<p>Vous pouvez vous tenir informer sur les modalit\u00e9s et les dates des brunchs en cliquant sur le lien suivant <\/p>\n\n\n\n<div class=\"wp-block-uagb-buttons uagb-buttons__outer-wrap uagb-btn__default-btn uagb-btn-tablet__default-btn uagb-btn-mobile__default-btn uagb-block-1dbe8ee3\"><div class=\"uagb-buttons__wrap uagb-buttons-layout-wrap \">\n<div class=\"wp-block-uagb-buttons-child uagb-buttons__outer-wrap uagb-block-019251d7 wp-block-button\"><div class=\"uagb-button__wrapper\"><a class=\"uagb-buttons-repeater wp-block-button__link\" aria-label=\"\" href=\"https:\/\/www.facebook.com\/share\/g\/1AerYT6Rte\/?mibextid=wwXIfr\" rel=\"follow noopener\" target=\"_self\" role=\"button\"><div class=\"uagb-button__link\">Infos &amp; dates des prochains brunchs<\/div><\/a><\/div><\/div>\n<\/div><\/div>\n\n\n\n<p class=\"has-text-align-center has-text-color has-link-color wp-elements-a7c8016c25f49e07127cd831e318ea05\" style=\"color:#bd7527\"><em>Galerie photos des brunchs cliquez sur le bouton ci-dessous<\/em><\/p>\n\n\n\n<div class=\"wp-block-uagb-buttons uagb-buttons__outer-wrap uagb-btn__medium-btn uagb-btn-tablet__default-btn uagb-btn-mobile__default-btn uagb-block-e85a5e9b\"><div class=\"uagb-buttons__wrap uagb-buttons-layout-wrap \">\n<div class=\"wp-block-uagb-buttons-child uagb-buttons__outer-wrap uagb-block-3e4f2f3a wp-block-button\"><div class=\"uagb-button__wrapper\"><a class=\"uagb-buttons-repeater wp-block-button__link\" aria-label=\"\" href=\"brunchs-galerie-photos\" rel=\"follow noopener\" target=\"_self\" role=\"button\"><div class=\"uagb-button__link\">Galerie Photos Brunchs<\/div><\/a><\/div><\/div>\n<\/div><\/div>\n<\/div>\n\n\n\n<div class=\"wp-block-column is-layout-flow wp-block-column-is-layout-flow\" style=\"flex-basis:50%\">\n<figure class=\"wp-block-image size-large is-style-rounded is-style-rounded--1\"><img loading=\"lazy\" decoding=\"async\" width=\"1024\" height=\"1024\" src=\"https:\/\/latelierderegine.com\/wp-content\/uploads\/2024\/05\/Brunchs-Titre-1024x1024.png\" alt=\"\" class=\"wp-image-21515\" style=\"aspect-ratio:4\/3;object-fit:cover\" srcset=\"https:\/\/latelierderegine.com\/wp-content\/uploads\/2024\/05\/Brunchs-Titre-1024x1024.png 1024w, https:\/\/latelierderegine.com\/wp-content\/uploads\/2024\/05\/Brunchs-Titre-300x300.png 300w, https:\/\/latelierderegine.com\/wp-content\/uploads\/2024\/05\/Brunchs-Titre-150x150.png 150w, https:\/\/latelierderegine.com\/wp-content\/uploads\/2024\/05\/Brunchs-Titre-768x768.png 768w, https:\/\/latelierderegine.com\/wp-content\/uploads\/2024\/05\/Brunchs-Titre-1536x1536.png 1536w, https:\/\/latelierderegine.com\/wp-content\/uploads\/2024\/05\/Brunchs-Titre-2048x2048.png 2048w\" sizes=\"auto, (max-width: 1024px) 100vw, 1024px\" \/><\/figure>\n<\/div>\n<\/div>\n\n\n\n<div style=\"height:113px\" aria-hidden=\"true\" class=\"wp-block-spacer\"><\/div>\n\n\n\n<div class=\"wp-block-columns alignwide is-layout-flex wp-container-core-columns-is-layout-d1c656ed wp-block-columns-is-layout-flex\">\n<div class=\"wp-block-column is-layout-flow wp-block-column-is-layout-flow\" style=\"flex-basis:50%\">\n<figure class=\"wp-block-image size-large is-style-rounded is-style-rounded--2\"><img loading=\"lazy\" decoding=\"async\" width=\"1024\" height=\"681\" src=\"https:\/\/latelierderegine.com\/wp-content\/uploads\/2024\/05\/Entete-mariage-1024x681.png\" alt=\"\" class=\"wp-image-21519\" style=\"aspect-ratio:4\/3;object-fit:cover\" srcset=\"https:\/\/latelierderegine.com\/wp-content\/uploads\/2024\/05\/Entete-mariage-1024x681.png 1024w, https:\/\/latelierderegine.com\/wp-content\/uploads\/2024\/05\/Entete-mariage-300x200.png 300w, https:\/\/latelierderegine.com\/wp-content\/uploads\/2024\/05\/Entete-mariage-768x511.png 768w, https:\/\/latelierderegine.com\/wp-content\/uploads\/2024\/05\/Entete-mariage-1536x1022.png 1536w, https:\/\/latelierderegine.com\/wp-content\/uploads\/2024\/05\/Entete-mariage-2048x1363.png 2048w\" sizes=\"auto, (max-width: 1024px) 100vw, 1024px\" \/><\/figure>\n<\/div>\n\n\n\n<div class=\"wp-block-column is-vertically-aligned-center is-layout-flow wp-block-column-is-layout-flow\" style=\"flex-basis:40%\">\n<h3 class=\"wp-block-heading Les-brunchs has-text-color has-link-color has-system-sans-serif-font-family has-x-large-font-size wp-elements-aabdc7dbe1e068ed5d78c55e20b76640\" style=\"color:#bd7527\">Les mariages, anniversaires et f\u00eates en tous genres<\/h3>\n\n\n\n<p>Une autre corde \u00e0 mon arc, un h\u00e9ritage familial et manuel : la d\u00e9coration.<br>Je me ferai un plaisir d\u2019imaginer avec vous le d\u00e9cor et la mise en sc\u00e8ne de votre joli jour. De la mise en \u0153uvre des d\u00e9cors de vos tables \u00e0 la cr\u00e9ation de l&rsquo;atmosph\u00e8re qui vous ressemble.<\/p>\n\n\n\n<p><em><strong><span style=\"color: #ff0000;\">Me contacter pour plus d\u2019infos<\/span><\/strong><\/em><\/p>\n\n\n\n<p class=\"has-text-color has-link-color wp-elements-8714638111f690be1cfc25cc6566a3ef\" style=\"color:#bd7527\"><em>Galerie photos des d\u00e9corations cliquez sur le bouton ci-dessous<\/em><\/p>\n\n\n\n<div data-aos= \"fade\" data-aos-duration=\"400\" data-aos-delay=\"0\" data-aos-easing=\"ease\" data-aos-once=\"true\" class=\"wp-block-uagb-buttons uagb-buttons__outer-wrap uagb-btn__medium-btn uagb-btn-tablet__default-btn uagb-btn-mobile__default-btn uagb-block-9cb7f79a\"><div class=\"uagb-buttons__wrap uagb-buttons-layout-wrap \">\n<div class=\"wp-block-uagb-buttons-child uagb-buttons__outer-wrap uagb-block-67c3905d wp-block-button\"><div class=\"uagb-button__wrapper\"><a class=\"uagb-buttons-repeater wp-block-button__link\" aria-label=\"\" href=\"mariages-galerie-photos\" rel=\"follow noopener\" target=\"_self\" role=\"button\"><div class=\"uagb-button__link\">Galerie photos d\u00e9corations<\/div><\/a><\/div><\/div>\n<\/div><\/div>\n<\/div>\n<\/div>\n<\/div>\n<\/div>\n\n\n\n<div class=\"wp-block-group alignwide has-global-padding is-layout-constrained wp-container-core-group-is-layout-19e250f3 wp-block-group-is-layout-constrained\">\n<div class=\"wp-block-columns alignwide is-layout-flex wp-container-core-columns-is-layout-d1c656ed wp-block-columns-is-layout-flex\">\n<div class=\"wp-block-column is-vertically-aligned-center is-layout-flow wp-block-column-is-layout-flow\" style=\"flex-basis:40%\">\n<h3 class=\"wp-block-heading Les-brunchs has-text-color has-link-color has-system-sans-serif-font-family has-x-large-font-size wp-elements-e2040b25409f1550ee027827c7ac6381\" style=\"color:#bd7527\">Nos \u00e9v\u00e8nements<\/h3>\n\n\n\n<p>Tr\u00e8s r\u00e9guli\u00e8rement nous organisons et vous proposons des \u00e9v\u00e8nements aussi vari\u00e9s que saisonniers :<\/p>\n\n\n\n<ul style=\"line-height:1.75\" class=\"wp-block-list is-style-checkmark-list\">\n<li>Magie de No\u00ebl<\/li>\n\n\n\n<li>\u00c9v\u00e8nements sur diff\u00e9rents th\u00e8mes<\/li>\n\n\n\n<li>Braderies<\/li>\n\n\n\n<li>Expositions<\/li>\n\n\n\n<li>Rencontres etc&#8230;,<\/li>\n<\/ul>\n\n\n\n<p class=\"has-text-align-center has-text-color has-link-color wp-elements-83151369a540466ab5734a1ed11ca402\" style=\"color:#bd7527\"><em>Galerie photos de nos \u00e9v\u00e8nements <\/em><br>C<em>liquez sur le bouton ci-dessous<\/em><\/p>\n\n\n\n<div class=\"wp-block-uagb-buttons uagb-buttons__outer-wrap uagb-btn__medium-btn uagb-btn-tablet__default-btn uagb-btn-mobile__default-btn uagb-block-e133f7f0\"><div class=\"uagb-buttons__wrap uagb-buttons-layout-wrap \">\n<div class=\"wp-block-uagb-buttons-child uagb-buttons__outer-wrap uagb-block-0b6b0df4 wp-block-button\"><div class=\"uagb-button__wrapper\"><a class=\"uagb-buttons-repeater wp-block-button__link\" aria-label=\"\" href=\"evenements-galerie-photos\" rel=\"follow noopener\" target=\"_self\" role=\"button\"><div class=\"uagb-button__link\">Galerie photos \u00e9v\u00e8nements<\/div><\/a><\/div><\/div>\n<\/div><\/div>\n<\/div>\n\n\n\n<div class=\"wp-block-column is-layout-flow wp-block-column-is-layout-flow\" style=\"flex-basis:50%\">\n<figure class=\"wp-block-image size-large is-style-rounded is-style-rounded--3\"><img loading=\"lazy\" decoding=\"async\" width=\"1024\" height=\"1024\" src=\"https:\/\/latelierderegine.com\/wp-content\/uploads\/2024\/05\/Entete-Evenements-1024x1024.png\" alt=\"\" class=\"wp-image-21523\" style=\"aspect-ratio:4\/3;object-fit:cover\" srcset=\"https:\/\/latelierderegine.com\/wp-content\/uploads\/2024\/05\/Entete-Evenements-1024x1024.png 1024w, https:\/\/latelierderegine.com\/wp-content\/uploads\/2024\/05\/Entete-Evenements-300x300.png 300w, https:\/\/latelierderegine.com\/wp-content\/uploads\/2024\/05\/Entete-Evenements-150x150.png 150w, https:\/\/latelierderegine.com\/wp-content\/uploads\/2024\/05\/Entete-Evenements-768x768.png 768w, https:\/\/latelierderegine.com\/wp-content\/uploads\/2024\/05\/Entete-Evenements-1536x1536.png 1536w, https:\/\/latelierderegine.com\/wp-content\/uploads\/2024\/05\/Entete-Evenements-2048x2048.png 2048w\" sizes=\"auto, (max-width: 1024px) 100vw, 1024px\" \/><\/figure>\n<\/div>\n<\/div>\n\n\n\n<p><\/p>\n\n\n\n<div style=\"height:var(--wp--preset--spacing--40)\" aria-hidden=\"true\" class=\"wp-block-spacer\"><\/div>\n<\/div>\n\n\n\n<p><\/p>\n","protected":false},"excerpt":{"rendered":"<p>Brunchs &amp; \u00e9v\u00e8nements Issue d&rsquo;une \u00e9cole h\u00f4teli\u00e8re de renom, j\u2019ai travaill\u00e9 pendant plus de 10 ans dans de grands complexes h\u00f4teliers o\u00f9 je me suis aguerrie \u00e0 l&rsquo;organisation de toutes sortes d&rsquo;\u00e9v\u00e8nements. L&rsquo;ancien corps de ferme que j&rsquo;occupe permet d&rsquo;abriter diff\u00e9rents projets festifs. Les brunchs Avec ma petite s\u0153ur, passionn\u00e9e et autodidacte, nous vous proposons [&hellip;]<\/p>\n","protected":false},"author":1,"featured_media":0,"parent":0,"menu_order":0,"comment_status":"closed","ping_status":"closed","template":"","meta":{"_uag_custom_page_level_css":"","footnotes":""},"class_list":["post-21324","page","type-page","status-publish","hentry"],"uagb_featured_image_src":{"full":false,"thumbnail":false,"medium":false,"medium_large":false,"large":false,"1536x1536":false,"2048x2048":false},"uagb_author_info":{"display_name":"admin4316","author_link":"https:\/\/latelierderegine.com\/index.php\/author\/admin4316\/"},"uagb_comment_info":0,"uagb_excerpt":"Brunchs &amp; \u00e9v\u00e8nements Issue d&rsquo;une \u00e9cole h\u00f4teli\u00e8re de renom, j\u2019ai travaill\u00e9 pendant plus de 10 ans dans de grands complexes h\u00f4teliers o\u00f9 je me suis aguerrie \u00e0 l&rsquo;organisation de toutes sortes d&rsquo;\u00e9v\u00e8nements. L&rsquo;ancien corps de ferme que j&rsquo;occupe permet d&rsquo;abriter diff\u00e9rents projets festifs. Les brunchs Avec ma petite s\u0153ur, passionn\u00e9e et autodidacte, nous vous proposons\u2026","_links":{"self":[{"href":"https:\/\/latelierderegine.com\/index.php\/wp-json\/wp\/v2\/pages\/21324","targetHints":{"allow":["GET"]}}],"collection":[{"href":"https:\/\/latelierderegine.com\/index.php\/wp-json\/wp\/v2\/pages"}],"about":[{"href":"https:\/\/latelierderegine.com\/index.php\/wp-json\/wp\/v2\/types\/page"}],"author":[{"embeddable":true,"href":"https:\/\/latelierderegine.com\/index.php\/wp-json\/wp\/v2\/users\/1"}],"replies":[{"embeddable":true,"href":"https:\/\/latelierderegine.com\/index.php\/wp-json\/wp\/v2\/comments?post=21324"}],"version-history":[{"count":29,"href":"https:\/\/latelierderegine.com\/index.php\/wp-json\/wp\/v2\/pages\/21324\/revisions"}],"predecessor-version":[{"id":21994,"href":"https:\/\/latelierderegine.com\/index.php\/wp-json\/wp\/v2\/pages\/21324\/revisions\/21994"}],"wp:attachment":[{"href":"https:\/\/latelierderegine.com\/index.php\/wp-json\/wp\/v2\/media?parent=21324"}],"curies":[{"name":"wp","href":"https:\/\/api.w.org\/{rel}","templated":true}]}}

Brunchs &amp; Evènements

<div class="wp-block-uagb-advanced-heading uagb-block-2c7c8cd4"><h1 class="uagb-heading-text">Brunchs &amp; évènements</h1></div>



<p>Issue d&rsquo;une école hôtelière de renom, j’ai travaillé pendant plus de 10 ans dans de grands complexes hôteliers où je me suis aguerrie à l&rsquo;organisation de toutes sortes d&rsquo;évènements. L&rsquo;ancien corps de ferme que j&rsquo;occupe permet d&rsquo;abriter différents projets festifs. </p>



<div class="wp-block-group alignfull has-global-padding is-layout-constrained wp-container-core-group-is-layout-d89aad35 wp-block-group-is-layout-constrained" style="margin-top:0;margin-bottom:0;padding-top:var(--wp--preset--spacing--50);padding-right:var(--wp--preset--spacing--50);padding-bottom:var(--wp--preset--spacing--50);padding-left:var(--wp--preset--spacing--50)">
<div class="wp-block-group alignwide has-global-padding is-layout-constrained wp-container-core-group-is-layout-19e250f3 wp-block-group-is-layout-constrained">
<div class="wp-block-columns alignwide is-layout-flex wp-container-core-columns-is-layout-d1c656ed wp-block-columns-is-layout-flex">
<div class="wp-block-column is-vertically-aligned-center is-layout-flow wp-block-column-is-layout-flow" style="flex-basis:40%">
<h3 class="wp-block-heading Les-brunchs has-text-color has-link-color has-system-sans-serif-font-family has-x-large-font-size wp-elements-661ad4ed72b3426481adfd88056cd2d1" style="color:#bd7527">Les brunchs</h3>



<p>Avec ma petite sœur, passionnée et autodidacte, nous vous proposons entre le printemps et l’automne, des brunchs aux couleurs estivales et aux saveurs délicieuses. Tout est fait maison, avec amour et envie de faire plaisir.</p>



<p>Vous pouvez vous tenir informer sur les modalités et les dates des brunchs en cliquant sur le lien suivant </p>



<div class="wp-block-uagb-buttons uagb-buttons__outer-wrap uagb-btn__default-btn uagb-btn-tablet__default-btn uagb-btn-mobile__default-btn uagb-block-1dbe8ee3"><div class="uagb-buttons__wrap uagb-buttons-layout-wrap ">
<div class="wp-block-uagb-buttons-child uagb-buttons__outer-wrap uagb-block-019251d7 wp-block-button"><div class="uagb-button__wrapper"><a class="uagb-buttons-repeater wp-block-button__link" aria-label="" href="https://www.facebook.com/share/g/1AerYT6Rte/?mibextid=wwXIfr" rel="follow noopener" target="_self" role="button"><div class="uagb-button__link">Infos &amp; dates des prochains brunchs</div></a></div></div>
</div></div>



<p class="has-text-align-center has-text-color has-link-color wp-elements-a7c8016c25f49e07127cd831e318ea05" style="color:#bd7527"><em>Galerie photos des brunchs cliquez sur le bouton ci-dessous</em></p>



<div class="wp-block-uagb-buttons uagb-buttons__outer-wrap uagb-btn__medium-btn uagb-btn-tablet__default-btn uagb-btn-mobile__default-btn uagb-block-e85a5e9b"><div class="uagb-buttons__wrap uagb-buttons-layout-wrap ">
<div class="wp-block-uagb-buttons-child uagb-buttons__outer-wrap uagb-block-3e4f2f3a wp-block-button"><div class="uagb-button__wrapper"><a class="uagb-buttons-repeater wp-block-button__link" aria-label="" href="brunchs-galerie-photos" rel="follow noopener" target="_self" role="button"><div class="uagb-button__link">Galerie Photos Brunchs</div></a></div></div>
</div></div>
</div>



<div class="wp-block-column is-layout-flow wp-block-column-is-layout-flow" style="flex-basis:50%">
<figure class="wp-block-image size-large is-style-rounded is-style-rounded--1"><img loading="lazy" decoding="async" width="1024" height="1024" src="https://latelierderegine.com/wp-content/uploads/2024/05/Brunchs-Titre-1024x1024.png" alt="" class="wp-image-21515" style="aspect-ratio:4/3;object-fit:cover" srcset="https://latelierderegine.com/wp-content/uploads/2024/05/Brunchs-Titre-1024x1024.png 1024w, https://latelierderegine.com/wp-content/uploads/2024/05/Brunchs-Titre-300x300.png 300w, https://latelierderegine.com/wp-content/uploads/2024/05/Brunchs-Titre-150x150.png 150w, https://latelierderegine.com/wp-content/uploads/2024/05/Brunchs-Titre-768x768.png 768w, https://latelierderegine.com/wp-content/uploads/2024/05/Brunchs-Titre-1536x1536.png 1536w, https://latelierderegine.com/wp-content/uploads/2024/05/Brunchs-Titre-2048x2048.png 2048w" sizes="auto, (max-width: 1024px) 100vw, 1024px" /></figure>
</div>
</div>



<div style="height:113px" aria-hidden="true" class="wp-block-spacer"></div>



<div class="wp-block-columns alignwide is-layout-flex wp-container-core-columns-is-layout-d1c656ed wp-block-columns-is-layout-flex">
<div class="wp-block-column is-layout-flow wp-block-column-is-layout-flow" style="flex-basis:50%">
<figure class="wp-block-image size-large is-style-rounded is-style-rounded--2"><img loading="lazy" decoding="async" width="1024" height="681" src="https://latelierderegine.com/wp-content/uploads/2024/05/Entete-mariage-1024x681.png" alt="" class="wp-image-21519" style="aspect-ratio:4/3;object-fit:cover" srcset="https://latelierderegine.com/wp-content/uploads/2024/05/Entete-mariage-1024x681.png 1024w, https://latelierderegine.com/wp-content/uploads/2024/05/Entete-mariage-300x200.png 300w, https://latelierderegine.com/wp-content/uploads/2024/05/Entete-mariage-768x511.png 768w, https://latelierderegine.com/wp-content/uploads/2024/05/Entete-mariage-1536x1022.png 1536w, https://latelierderegine.com/wp-content/uploads/2024/05/Entete-mariage-2048x1363.png 2048w" sizes="auto, (max-width: 1024px) 100vw, 1024px" /></figure>
</div>



<div class="wp-block-column is-vertically-aligned-center is-layout-flow wp-block-column-is-layout-flow" style="flex-basis:40%">
<h3 class="wp-block-heading Les-brunchs has-text-color has-link-color has-system-sans-serif-font-family has-x-large-font-size wp-elements-aabdc7dbe1e068ed5d78c55e20b76640" style="color:#bd7527">Les mariages, anniversaires et fêtes en tous genres</h3>



<p>Une autre corde à mon arc, un héritage familial et manuel : la décoration.<br>Je me ferai un plaisir d’imaginer avec vous le décor et la mise en scène de votre joli jour. De la mise en œuvre des décors de vos tables à la création de l&rsquo;atmosphère qui vous ressemble.</p>



<p><em><strong><span style="color: #ff0000;">Me contacter pour plus d’infos</span></strong></em></p>



<p class="has-text-color has-link-color wp-elements-8714638111f690be1cfc25cc6566a3ef" style="color:#bd7527"><em>Galerie photos des décorations cliquez sur le bouton ci-dessous</em></p>



<div data-aos= "fade" data-aos-duration="400" data-aos-delay="0" data-aos-easing="ease" data-aos-once="true" class="wp-block-uagb-buttons uagb-buttons__outer-wrap uagb-btn__medium-btn uagb-btn-tablet__default-btn uagb-btn-mobile__default-btn uagb-block-9cb7f79a"><div class="uagb-buttons__wrap uagb-buttons-layout-wrap ">
<div class="wp-block-uagb-buttons-child uagb-buttons__outer-wrap uagb-block-67c3905d wp-block-button"><div class="uagb-button__wrapper"><a class="uagb-buttons-repeater wp-block-button__link" aria-label="" href="mariages-galerie-photos" rel="follow noopener" target="_self" role="button"><div class="uagb-button__link">Galerie photos décorations</div></a></div></div>
</div></div>
</div>
</div>
</div>
</div>



<div class="wp-block-group alignwide has-global-padding is-layout-constrained wp-container-core-group-is-layout-19e250f3 wp-block-group-is-layout-constrained">
<div class="wp-block-columns alignwide is-layout-flex wp-container-core-columns-is-layout-d1c656ed wp-block-columns-is-layout-flex">
<div class="wp-block-column is-vertically-aligned-center is-layout-flow wp-block-column-is-layout-flow" style="flex-basis:40%">
<h3 class="wp-block-heading Les-brunchs has-text-color has-link-color has-system-sans-serif-font-family has-x-large-font-size wp-elements-e2040b25409f1550ee027827c7ac6381" style="color:#bd7527">Nos évènements</h3>



<p>Très régulièrement nous organisons et vous proposons des évènements aussi variés que saisonniers :</p>



<ul style="line-height:1.75" class="wp-block-list is-style-checkmark-list">
<li>Magie de Noël</li>



<li>Évènements sur différents thèmes</li>



<li>Braderies</li>



<li>Expositions</li>



<li>Rencontres etc&#8230;,</li>
</ul>



<p class="has-text-align-center has-text-color has-link-color wp-elements-83151369a540466ab5734a1ed11ca402" style="color:#bd7527"><em>Galerie photos de nos évènements </em><br>C<em>liquez sur le bouton ci-dessous</em></p>



<div class="wp-block-uagb-buttons uagb-buttons__outer-wrap uagb-btn__medium-btn uagb-btn-tablet__default-btn uagb-btn-mobile__default-btn uagb-block-e133f7f0"><div class="uagb-buttons__wrap uagb-buttons-layout-wrap ">
<div class="wp-block-uagb-buttons-child uagb-buttons__outer-wrap uagb-block-0b6b0df4 wp-block-button"><div class="uagb-button__wrapper"><a class="uagb-buttons-repeater wp-block-button__link" aria-label="" href="evenements-galerie-photos" rel="follow noopener" target="_self" role="button"><div class="uagb-button__link">Galerie photos évènements</div></a></div></div>
</div></div>
</div>



<div class="wp-block-column is-layout-flow wp-block-column-is-layout-flow" style="flex-basis:50%">
<figure class="wp-block-image size-large is-style-rounded is-style-rounded--3"><img loading="lazy" decoding="async" width="1024" height="1024" src="https://latelierderegine.com/wp-content/uploads/2024/05/Entete-Evenements-1024x1024.png" alt="" class="wp-image-21523" style="aspect-ratio:4/3;object-fit:cover" srcset="https://latelierderegine.com/wp-content/uploads/2024/05/Entete-Evenements-1024x1024.png 1024w, https://latelierderegine.com/wp-content/uploads/2024/05/Entete-Evenements-300x300.png 300w, https://latelierderegine.com/wp-content/uploads/2024/05/Entete-Evenements-150x150.png 150w, https://latelierderegine.com/wp-content/uploads/2024/05/Entete-Evenements-768x768.png 768w, https://latelierderegine.com/wp-content/uploads/2024/05/Entete-Evenements-1536x1536.png 1536w, https://latelierderegine.com/wp-content/uploads/2024/05/Entete-Evenements-2048x2048.png 2048w" sizes="auto, (max-width: 1024px) 100vw, 1024px" /></figure>
</div>
</div>



<p></p>



<div style="height:var(--wp--preset--spacing--40)" aria-hidden="true" class="wp-block-spacer"></div>
</div>



<p></p>

<p>Brunchs &amp; évènements Issue d&rsquo;une école hôtelière de renom, j’ai travaillé pendant plus de 10 ans dans de grands complexes hôteliers où je me suis aguerrie à l&rsquo;organisation de toutes sortes d&rsquo;évènements. L&rsquo;ancien corps de ferme que j&rsquo;occupe permet d&rsquo;abriter différents projets festifs. Les brunchs Avec ma petite sœur, passionnée et autodidacte, nous vous proposons [&hellip;]</p>

Brunchs &amp; évènements Issue d&rsquo;une école hôtelière de renom, j’ai travaillé pendant plus de 10 ans dans de grands complexes hôteliers où je me suis aguerrie à l&rsquo;organisation de toutes sortes d&rsquo;évènements. L&rsquo;ancien corps de ferme que j&rsquo;occupe permet d&rsquo;abriter différents projets festifs. Les brunchs Avec ma petite sœur, passionnée et autodidacte, nous vous proposons…
